4. Give s(z).
11
Let d(j) = 2*j + 11. Let p be d(-2). Suppose 192 = p*h - h. Let t = h - 29. Let a(b) = -b**2 - b + 1. Give a(t).
-11
Suppose -w = -0*w - 4. Let r be (1 - 2) + 25 + w + -4. Suppose -3*h + 2*j + 20 = 0, -4*h = -h - 3*j - r. Let v(m) = -5*m. Calculate v(h).
-20
Let l(a) = a**2 - 22*a - 25. Let y be 2/(-12) - (-14595)/630. Give l(y).
-2
Let b(h) = 11*h**2 - 3*h - 7. Let j(y) be the third derivative of 11*y**5/60 - y**4/12 - 5*y**3/6 + y**2 - 25. Let q(w) = -3*b(w) + 4*j(w). What is q(-1)?
11
Let w be -10*-4*(-1)/4. Let m be ((-34)/10 + 3)*w. Suppose -m*i + 6 = -5*i. Let x(j) = 2*j + 2. Give x(i).
-10
Let t(c) be the third derivative of c**5/60 + c**4/12 - 2*c**3/3 + c**2 - 4*c. Let j be (3/(-3))/(4/20). Calculate t(j).
11
Let w be ((-2)/10)/(25/(-125)) + -7. Let f(r) = r**3 + 7*r**2 + 4*r + 3. Give f(w).
15
Let n(z) = z - 17. Let v = 97 + -58. Let u = 39 - v. Suppose -3 = -4*f + 3*l, u = -2*l - l - 3. Determine n(f).
-17
Let p(z) = 1 + 4 - z - 11 + 2. Determine p(-1).
-3
Let c(q) be the third derivative of q**6/120 - q**5/5 + 5*q**4/6 + 2*q**3 - 6*q**2 - 3*q + 93. Determine c(10).
12
Let a(m) = -8*m**2 + 6*m - 6. Let t(u) = 5*u**2 - 7*u + 4. Let j(p) = -2*a(p) - 3*t(p). Let r(x) = -x**3 + 16*x**2 - 8*x - 113. Let b be r(15). Give j(b).
-8
Let i = -3075 - -3076. Let w(o) = -19*o + 10. What is w(i)?
-9
Suppose -689 - 53 = -7*h. Let g(q) = h*q**3 + 0*q - q - 107*q**3 + 8*q**2. Determine g(8).
-8
Let s be 2/(-1)*4/4. Let h be 1*1/6*s*-6. Let x(z) = 13 - 14 + 2*z - z + z**h. Give x(3).
11
Let m(r) = 4*r**2 + 19*r + 30. Let u(x) = -x**2 - 6*x - 8. Let c(i) = -2*m(i) - 7*u(i). Calculate c(5).
-9
Let f be (-1 - 9/6)*(-776)/10. Let o = f + -188. Let k(i) = -i**3 + 8*i**2 - 11*i - 4. What is k(o)?
2
Let o(z) = 6*z**3 - 2*z**2 + 6*z - 5. Let x be o(1). Suppose -20 - 6 = -x*g - v, -g = -2*v - 3. Let u(a) = a**2 - 2*a + 4. Calculate u(g).
19
Let g(k) = 3*k - 6*k - k**3 + 0*k + 13*k**2 + 2*k + 1. Let h be (-1)/11*(-28 + -115). What is g(h)?
-12
Let w(j) be the third derivative of j**4/3 - j**3/2 + 32*j**2. Let g be 18/(-24)*4 - -5. Calculate w(g).
13
Let v(x) be the third derivative of 0*x + 0 - 7/24*x**4 - 7*x**2 + 1/2*x**3. Give v(-3).
24
Let z(d) = -2 + 3*d - 3 - 2*d. Suppose 3*o + 5*r - 45 = 0, 233*o + 5*r = 234*o + 45. Calculate z(o).
-5
Let b(v) = v**3 - 2*v - 6. Let t be b(-3). Let p = t + 28. Let i be (p + 5 - 4)*-2. Let o(h) = -h. Give o(i).
4
Let d(o) = 14*o - 1 + 0 + 19*o - 27*o - 5*o. Let b(n) = -n**2 - 10*n - 11. Let k be b(-9). Calculate d(k).
-3
Let q(i) = -8*i**3 + 52*i**2 - 5*i - 8. Let k(c) = 5*c**3 - 27*c**2 + 3*c + 4. Let o(w) = -5*k(w) - 3*q(w). What is o(-21)?
4
Let c(o) = -123*o - 25. Let i(m) = -146*m - 25. Let x(j) = -6*c(j) + 5*i(j). Calculate x(-7).
-31
Let p(s) = s**2 + 2*s - 1 + 17 - 11*s. Let b be p(8). Let r(u) = -u**2 + 6*u + 9. What is r(b)?
-7
Let y be (-64)/(-480) - (-4)/(-30). Let m(n) = 5*n + y*n + 3 + 5*n - 8*n + 3*n. What is m(-2)?
-7
Let u(j) = 7*j**3 + 33*j**2 + 34*j - 128. Let p(h) = -5*h**3 - 32*h**2 - 34*h + 127. Let b(c) = 4*p(c) + 3*u(c). Give b(30).
4
Let a(g) = g. Let j(o) = 42*o. Let v(q) = -36*a(q) + j(q). Let p be 78/(-5)*90/(-54). Suppose -p = 36*c - 10*c. What is v(c)?
-6
Let j(x) = -2*x - 3. Let b be (-6)/10 + 206/10. Let m = b - 26. Determine j(m).
9
Let g(d) = -13*d - 12*d - 76 + 23*d - 4 - 8*d. What is g(-9)?
10
Let w(z) = -z**3 + 11*z**2 - 10*z + 2. Let a be w(10). Let o(i) = 4*i - 2*i**a - 2 + 5 - 1 + 3*i**2. Let f(c) = -4*c + 93. Let r be f(24). Calculate o(r).
-1
Let w(d) be the second derivative of d**5/10 + 5*d**4/12 + d**3/3 - 5*d**2/2 - 4202*d. Calculate w(-4).
-61
Let i(x) = x**2 - 3*x - 2. Let u(k) = k - 4. Let q be u(8). Let f be 1*6 + (14 + -3 - 13). Suppose 30 = -5*o + 5*n, 0*n - f = q*o + n. Calculate i(o).
8
Let z(i) = -7*i + 38 - 13 + 30*i - 25 - 19. What is z(2)?
27
Let h(q) = -q**2 + 2*q + 2. Let n be h(4). Let p(s) = 12*s - 2. Let v(t) = 10*t - 5. Let f(y) = n*p(y) + 7*v(y). What is f(-11)?
-1
Let a(p) = -2*p - 1. Suppose -7*y + 9 + 19 = 0. Suppose 7*u = y*r + 2*u - 6, 6 = 3*r - 3*u. Give a(r).
-9
Let j(l) = l**2 - 13*l + 15. Suppose -7*f - 923 = 141. Let k = -140 - f. Determine j(k).
3
Let m(o) = o**3 + 7*o**2 + o - 4. Let f be (6 + 8 + -13)*(-3 - 4). Determine m(f).
-11
Let d(z) be the first derivative of -3*z**3 + z**2 + z - 341. Let q(p) = 37*p**2 - 9*p - 4. Let m(h) = -9*d(h) - 2*q(h). Let x = -3 + 4. Calculate m(x).
6
Let p be (7 + 4)/(-4 - (-10)/2). Suppose -3 = -p*w + 8*w. Let t(q) = -21*q**3 - q**2 + q. What is t(w)?
-21
Let z(o) = 2*o**2 - 3*o. Let s be z(2). Suppose -t + 2*d + 8 = 0, -2*t - d - 17 + 13 = 0. Let i(x) = -16 - 13*x + 0 + t*x**s + 6 - x**2. Give i(-12).
2
Let k = -35 + 46. Suppose k*h - 24 = -112. Let v(s) = -s**3 - 7*s**2 + 7*s - 2. Determine v(h).
6
Suppose c - 84 = p, 2*c - 248 = -c - p. Let t = -81 + c. Let i(k) = -6*k**3 - 1 - k + 27*k**2 + 1 - 28*k**t. What is i(-1)?
6
Let x(u) = -3*u + 4*u - 5*u - 165*u**2 + 82*u**2 + 82*u**2 + 128. Give x(9).
11
Let u(h) = -11*h**2 - 87*h - 87. Let l(g) = -6*g**2 - 29*g - 21. Let b be l(-4). Calculate u(b).
-11
Let h(i) = 49*i + 591. Let w be h(-12). Let p(m) = 3*m**2 - 7*m + 6. Give p(w).
12
Let f(c) be the first derivative of -c**4/4 - 5*c**3/3 + 3*c**2/2 + 8*c + 37. Let m be f(-5). Let u(a) = -2*a + 3. Calculate u(m).
17
Let f(j) be the second derivative of -j**4/12 + j**3 + j**2 - 52*j. Let d = -168 - -171. Give f(d).
11
Suppose 17*z + 31 - 98 = 18. Let v(c) = c**2 - 6*c - 4. Determine v(z).
-9
Let s(n) = -2*n**2 - 21*n - 32. Let x be s(-8). Let t(w) = x - 10 + 3*w**2 + 4*w - 4*w**2 + 6. Let r(p) = p**2 + 6*p - 4. Let l be r(-7). Give t(l).
7
Let n be 5 - ((-2548)/(-42))/14. Let f(o) be the second derivative of -n*o**3 + 0 + 3/2*o**2 - 1/20*o**5 + 1/3*o**4 - 20*o. What is f(3)?
0
Let o(r) be the second derivative of -r**3/6 - r**2/2 - 4*r. Suppose 18 - 186 = 12*f. Let a be ((-8)/3)/(f/(-21)) + 1. Give o(a).
2
Let g(h) = h**3 + 2*h**2 + 2*h + 13. Let w be (-3)/(-6) - (-7)/(-14). What is g(w)?
13
Let n(a) = a**3 + 4*a**2 + 9*a + 9. Let v be (92/(-276) - (-52)/(-6)) + 3. Calculate n(v).
-117
Let u(n) = n**2 + 5*n - 3. Let y(p) = -2*p**2 + p. Let t(d) = -13*d**2 - 26*d - 25. Let s(l) = -t(l) + 6*y(l). Let r be s(-31). Determine u(r).
3
Let d be ((760/32)/5 - 13)/((-3)/8). Let x(p) = -2*p**2 + 54*p - 221. Determine x(d).
-1
Let l be 32/(-6)*(-5)/((-30)/(-9)). Suppose -7 = -l*x + 25. Let r(q) = -q**3 + 4*q**2 - 4. Determine r(x).
-4
Let y(q) = q + 0*q + 10 + 1 + 15 - 35 - 11*q**2 + q**3. Calculate y(10).
-99
Let m be (-6 + 198/36)/((-1)/(-34)). Let p(v) = -3*v - 58. What is p(m)?
-7
Let d(c) = 3*c**2 - 28*c + 4. Let k = 24522 + -24517. Determine d(k).
-61
Let s(x) = 3*x + 53. Suppose -19*g - 252 = -5*g. Let f be s(g). Let m be (-10)/2 + f/((-2)/4). Let z(k) = k + 4. Calculate z(m).
1
Let s(h) = 19*h**2 + h**3 - 6*h + 7*h + 9*h - 12*h**2 + 3*h + 24. Give s(-5).
9
Let p(f) = f - 6. Let u = 15 + -11. Let y be p(u). Let d(g) = -7*g + 4*g + 3*g + 3*g - 8*g. Determine d(y).
10
Let n(v) = 6*v - 114. Let h be n(24). Let d(o) = o**3 - 29*o**2 - 30*o - 14. Calculate d(h).
-14
Let d = -22981 - -23043. Let l(k) = k**2 - 60*k - 124. What is l(d)?
0
Let d = -9507 - -9514. Let w(b) = -b**2 + 15*b - 5. Give w(d).
51
Let y = 23 + -19. Let q = -20 + 18. Let p(j) = -3*j**3 + 5*j**2 - 3*j. Let c(f) = -10*f**3 + 15*f**2 - 8*f - 1. Let d(w) = q*c(w) + 7*p(w). Give d(y).
-2
Let t(u) = u - 2. Let r(n) = -n**3 + 16*n**2 + 39*n - 15. Let i be r(18). Suppose 52 + i = w. Let a = w - 99. What is t(a)?
-10
Let h(y) be the first derivative of 31 - y**2 - y + 31/3*y**3. What is h(-1)?
32
Let u = 454 - 452. Let f(q) be the first derivative of 2*q**3/3 - 11. Determine f(u).
8
Let s(h) = 3*h - 4. Let b(a) = 357*a - 6059. Let q be b(17). What is s(q)?
26
Let u(r) be the second derivative of 3*r**3 - 3*r**2/2 + 24*r - 90. Calculate u(-3).
-57
Let w = -2559 - -2550. Let s(k) = k**2 + 5*k - 5. What is s(w)?
31
Let d(j) be the third derivative of -j**6/120 - j**5/10 + j**4/2 + j**3 + 49*j**2 - 60*j. Give d(-8).
38
Suppose 5*x - 13 = 3*c, -3*x + 0 = 2*c - 4. Let m(t) = -2*t + 2 - t**3 - 2 + 17*t**x - 4*t**2 + 6 - 4*t**2. Determine m(9).
-12
Let y be (30 - 33) + (-1 - -5)*4. Let j(b) = -y + 9 + b + 6. Calculate j(-4).
-2
Let x(i) be the second